y 34.
9
Suppose -36 = -2*a - a. Suppose 0 = u + 13 - 11. What is the remainder when -2*(41/u - 3) is divided by a?
11
Let i = 11 - -28. Suppose 37 - 12 = 5*w. Suppose 2 = w*u + 4*o - 90, -u + 22 = -o. Calculate the remainder when i is divided by u.
19
Suppose -282*t + 295*t = 767. Let r = 20 + -5. What is the remainder when t is divided by r?
14
What is the remainder when 2061/9*(3 - (1 + 1)) is divided by 18?
13
Let a(u) = 7*u**2 - 3*u + 1. Let g be a(2). Suppose 5*s - t = s + 118, -2*s + 4*t = -52. Let c = s - g. Calculate the remainder when c is divided by 5.
2
Suppose -4*b + 2*b + 486 = -2*j, -4*b = 5*j - 963. What is the remainder when b is divided by 36?
26
Let u be -3 + (-7)/(7/(-12)). What is the remainder when 31 is divided by 20 + (-6)/u*6?
15
Suppose -7*v + 198 = 2*v. Calculate the remainder when 109 is divided by v.
21
Suppose -u = -0*u + c - 21, -3*c + 23 = u. Suppose 12*h - u = 17*h. Calculate the remainder when (-12)/h - 10/(-1) is divided by 6.
1
Let b(k) = k**3 + 8*k**2 - 23*k + 6. What is the remainder when 395 is divided by b(3)?
35
Suppose t - 14 = -x, -5*x = 3*t - 99 + 19. Let w(q) = q + 76. Let m be w(0). Calculate the remainder when (m - 0) + (-7 - -5) is divided by x.
17
Suppose 13*z - 84 = 6*z. Suppose -z*v + 3*v + 1755 = 0. What is the remainder when v is divided by 49?
48
Let o(j) = j + 31. Let p(h) = -2*h - 31. Let c(b) = -2*o(b) - 3*p(b). Calculate the remainder when c(7) is divided by 16.
11
Suppose -4*a + 260 = 2*c, -3*c + 0*c = -12. What is the remainder when a is divided by 60?
3
Let z(v) = 4*v**2 - 11*v + 13. Let j(o) = o**3 - 8*o**2 + 3*o - 18. Let x be j(8). What is the remainder when z(x) is divided by 19?
15
Suppose -14 = -5*r + 5*n + 31, 0 = -5*r + 2*n + 42. Suppose r + 16 = 3*v. What is the remainder when 37 is divided by v?
5
Let n be (-4)/3*(-2850)/20. Let c = 59 + n. Suppose m = -h - 3*h + c, -3*m = -2*h + 135. Calculate the remainder when h is divided by 22.
19
Suppose 0 = -65*f + 18*f + 1269. What is the remainder when f is divided by 14?
13
Let v = 971 + -292. What is the remainder when v is divided by 8?
7
Let w be (16/6)/((-6)/(-9)). Let v(o) = o**2 + 5*o - 6. Let f be v(-6). Suppose 5*q = w*c + 3*q - 34, f = q - 1. Calculate the remainder when c is divided by 6.
3
Calculate the remainder when (-1)/((-75)/54)*20*5 is divided by 4 + -2 + (-105)/(-3).
35
Suppose -9*o - 288 = -18*o. What is the remainder when 155 is divided by o?
27
Suppose 3*u - u = 0, 0 = 3*d - 5*u + 54. Let l = 16 - d. What is the remainder when 203 is divided by l?
33
Suppose 26*x + 10396 - 35226 = 0. Calculate the remainder when x is divided by 33.
31
Let k be 4 + -1 + 26 + -18. Suppose 236 = k*h - 1205. What is the remainder when h is divided by 2/(-6) + (-100)/(-3)?
32
Suppose -2*o + 6 = -2. Suppose -4*v + 30 = 2*j, j + 1 = o*v - 2. What is the remainder when 5 is divided by (j/27)/((-2)/(-18))?
2
Let x = -63 - -85. Calculate the remainder when 107 is divided by x.
19
Let c(l) = -l + 83. What is the remainder when c(9) is divided by 20?
14
Suppose 0 = -3*l + 3*i + 36, -i + 24 = 3*l + 2*i. Suppose -q - 14 = 5*z - 0, l = -2*q - z. Calculate the remainder when 38 is divided by (3 + -47)/q + -1.
8
Suppose -3*s - 24 = -z - 3, -4*z = -4*s - 44. Let y = 98 - 71. What is the remainder when y is divided by 93/9 + (-2)/z?
7
Suppose 0 = 3*c - 0*c - 42. Suppose -c = -s + 3*l, 8*l = -3*s + 3*l + 84. Suppose 7 + 29 = 3*h. Calculate the remainder when s is divided by h.
11
Suppose 8*o + 7 = x + 11*o, 0 = 5*x - o - 35. Calculate the remainder when 432 is divided by x.
5
Let d(v) be the second derivative of -5*v**3/6 - 31*v**2/2 + 3*v. What is the remainder when d(-10) is divided by 10?
9
Let v = 12 + -3. Let l be 20/v + (-8)/36. Suppose -14 - 20 = -l*p. What is the remainder when 66 is divided by p?
15
Suppose 0 = 4*i - 1059 + 383. Suppose 34 = -5*j + i. What is the remainder when j is divided by 7?
6
Let i = 41 - 31. What is the remainder when ((-2)/4)/((-3)/294) is divided by i?
9
Let z(v) = -v**3 - v**2 - 2*v - 3. Let c be z(-2). Suppose -5*g + 4 = -4*b, -g = -c*b + 4*b - 1. What is the remainder when 62 is divided by (20/10)/(b/(-8))?
14
Let m = -122 - -130. Suppose -m*b = -4*b - 268. Calculate the remainder when b is divided by 14.
11
Suppose 2*b - 5 = u, -3*b = b - u - 11. Suppose 0 = 6*i - b*i + 15. Calculate the remainder when 156/10*i/(-2) is divided by 20.
19
Let z(o) = 9*o + 32. Let b be z(-3). Suppose -b*r + 35 + 45 = 0. Calculate the remainder when 109 is divided by r.
13
Calculate the remainder when 188 is divided by (-120)/(-3) + (-8)/(-1).
44
Let q = -2 - 0. Let g = 1 - q. Suppose -g*b + 135 = -0*b. Calculate the remainder when b is divided by 23.
22
Let j be ((-63)/15 - -5)*(-25)/(-2). What is the remainder when 48 is divided by ((-125)/j)/(2/(-4) + 0)?
23
Suppose -5*d + 5*y = -2*d - 235, -5*d - 2*y = -340. Suppose 5*w = 2*s - 0*w - 110, 5*w - d = -2*s. Calculate the remainder when s is divided by 16.
13
Let m be 144*(4 + 10/(-3)). Suppose 28*x + m = 32*x. Calculate the remainder when x is divided by 9.
6
Let z be 12/54 - 43/(-9). Suppose f - 37 = -z. Let w = -19 + f. Calculate the remainder when 37 is divided by w.
11
Suppose 0 = -3*w + 29 - 44, 0 = -2*m + 3*w + 363. What is the remainder when m is divided by 45?
39
Let b = 31 + -32. Let j(x) = 37*x**2 + 2*x + 1. What is the remainder when j(b) is divided by (-13)/(-3)*(3 + 0)?
10
Calculate the remainder when 319 is divided by 16736/192 + (-1 - (-11)/6).
55
Let t(r) = r**2 + 5*r + 7. Let l be t(8). Let v = l + -47. Suppose 5*k = 5*b - v - 1, 4*k = -5*b + 47. What is the remainder when 21 is divided by b?
10
Let o(w) = w**2 + 19*w - 424. Calculate the remainder when o(-37) is divided by 42.
32
Suppose -6*o + 9*o - 279 = 0. Suppose 31 - o = -2*w + 4*q, 50 = 2*w - q. Calculate the remainder when w is divided by 12.
11
Suppose -739*d = -734*d - 105. What is the remainder when 55 is divided by d?
13
Let a be (230/15)/((-4)/6). Let h = a - -28. What is the remainder when 26 is divided by h?
1
Suppose 3*p - 173 = -3*w + 178, 453 = 4*w - p. Suppose 2*x + b - 55 = 0, -2*x + 3*b + 64 = b. What is the remainder when w is divided by x?
27
Let v = 16 + -12. Let y = -43 - -45. What is the remainder when v is divided by y?
0
Suppose d - 18 = -d. Let y = d - -1. What is the remainder when -1 + (-118)/(-4) + 111/(-74) is divided by y?
7
Suppose 16*b = 7*b + 540. Suppose -3*g + 48 = 4*y, -4*y = y - g - b. Calculate the remainder when 81 is divided by y.
9
Suppose 1262 = 21*h + 2. Calculate the remainder when h is divided by 21.
18
Suppose -2*l + 89 = 3*j, -j + 19 + 18 = -3*l. What is the remainder when 368 is divided by j?
27
Let o = 662 + -570. Let d(l) = 4*l**2 - 2*l - 4. What is the remainder when o is divided by d(-2)?
12
Let c = -85 + 112. Let k(u) = -54*u**3 - 2*u**2 - u. Suppose 0 = 5*l + 1 + 4. Calculate the remainder when k(l) is divided by c.
26
Let q = 38 + -39. Let t(p) = -3*p - 1. What is the remainder when 6 is divided by t(q)?
0
Suppose -3*b + 0*q + 6 = q, -4*b = 3*q - 8. Let s = 6 - b. Calculate the remainder when 5 is divided by s.
1
Let f be -4 + 2 - ((-23 - -1) + 0). Suppose 0 = 21*m - f*m - 26. What is the remainder when 123 is divided by m?
19
Suppose -o = -4*c + 6 + 4, 7 = -o + 3*c. Let n(v) = 3*v**3 - 2. Calculate the remainder when 41 is divided by n(o).
19
Let o(s) = 2*s + 9. Let z be o(-5). Let l be (-4*4/(-4))/z. What is the remainder when (-152)/(-3) + l/6 is divided by 13?
11
Suppose -f + 5 = 0, f = 36*z - 41*z + 20. What is the remainder when -4 + 2 - -11*1 is divided by z?
0
Suppose -3*b = -0*v - 5*v + 11, -5*v + b = -17. Suppose -l - 16 = 2*k - 2, v*l + 4*k + 52 = 0. Let g = l - -21. What is the remainder when 33 is divided by g?
6
Calculate the remainder when 7 is divided by 6/4*-4*(-1 + 0).
1
Let w = -262 + 271. Calculate the remainder when 44 is divided by w.
8
Let u = -711 + 759. Calculate the remainder when 303 is divided by u.
15
Suppose 180 + 145 = 5*z. Let s = z - 21. What is the remainder when s is divided by 10?
4
Calculate the remainder when ((-28)/(-21))/1 - 1520/(-12) is divided by 69.
59
Let n(t) = 5*t + 4*t + t + t + 1. What is the remainder when n(4) is divided by 12?
9
Let i = -966 + 1048. Calculate the remainder when 307 is divided by i.